{"id":410,"date":"2025-11-14T22:24:22","date_gmt":"2025-11-14T22:24:22","guid":{"rendered":"https:\/\/www.azescaperoom.es\/escaperoomterror\/?page_id=410"},"modified":"2025-12-27T19:41:14","modified_gmt":"2025-12-27T19:41:14","slug":"laentrevista-cubickbilbao","status":"publish","type":"page","link":"https:\/\/www.azescaperoom.es\/escaperoomterror\/laentrevista-cubickbilbao\/","title":{"rendered":"La entrevista &#8211; Cubick"},"content":{"rendered":"<p>[et_pb_section fb_built=&#8221;1&#8243; _builder_version=&#8221;4.22.2&#8243; _module_preset=&#8221;default&#8221; background_image=&#8221;https:\/\/www.azescaperoom.es\/escaperoomterror\/wp-content\/uploads\/2023\/11\/att-gal.webp&#8221; global_colors_info=&#8221;{}&#8221;][et_pb_row _builder_version=&#8221;4.22.2&#8243; _module_preset=&#8221;default&#8221; global_colors_info=&#8221;{}&#8221;][et_pb_column type=&#8221;4_4&#8243; _builder_version=&#8221;4.22.2&#8243; _module_preset=&#8221;default&#8221; global_colors_info=&#8221;{}&#8221;][et_pb_text _builder_version=&#8221;4.22.2&#8243; _module_preset=&#8221;default&#8221; text_font_size=&#8221;100px&#8221; header_2_font=&#8221;Acme|700|||||||&#8221; header_2_text_align=&#8221;center&#8221; header_2_text_color=&#8221;#FFFFFF&#8221; header_2_font_size=&#8221;45px&#8221; global_colors_info=&#8221;{}&#8221;]<\/p>\n<h2><span style=\"color: #00ffff;\">LA ENTREVISTA &#8211; CUBICK BILBAO<\/span><\/h2>\n<p>[\/et_pb_text][\/et_pb_column][\/et_pb_row][et_pb_row column_structure=&#8221;2_5,3_5&#8243; _builder_version=&#8221;4.22.2&#8243; _module_preset=&#8221;default&#8221; custom_padding=&#8221;0px||||false|false&#8221; global_colors_info=&#8221;{}&#8221;][et_pb_column type=&#8221;2_5&#8243; _builder_version=&#8221;4.22.2&#8243; _module_preset=&#8221;default&#8221; global_colors_info=&#8221;{}&#8221;][et_pb_image src=&#8221;https:\/\/www.azescaperoom.es\/escaperoomterror\/wp-content\/uploads\/2025\/12\/La-entrevista.png&#8221; title_text=&#8221;La entrevista&#8221; align=&#8221;center&#8221; _builder_version=&#8221;4.22.2&#8243; _module_preset=&#8221;default&#8221; width=&#8221;100%&#8221; module_alignment=&#8221;center&#8221; custom_padding=&#8221;0px|||||&#8221; global_colors_info=&#8221;{}&#8221;][\/et_pb_image][\/et_pb_column][et_pb_column type=&#8221;3_5&#8243; _builder_version=&#8221;4.22.2&#8243; _module_preset=&#8221;default&#8221; global_colors_info=&#8221;{}&#8221;][et_pb_text _builder_version=&#8221;4.22.2&#8243; _module_preset=&#8221;default&#8221; text_font=&#8221;Barlow||||||||&#8221; text_text_color=&#8221;#FFFFFF&#8221; text_font_size=&#8221;18px&#8221; text_line_height=&#8221;1.6em&#8221; text_orientation=&#8221;center&#8221; locked=&#8221;off&#8221; global_colors_info=&#8221;{}&#8221;]<\/p>\n<p style=\"text-align: justify;\">Os acab\u00e1is de despertar en un lugar desconocido y sin recuerdos de qui\u00e9nes.<\/p>\n<p style=\"text-align: justify;\">Una empresa de renombre tiene la necesidad de cubrir unos determinados puestos de trabajo vac\u00edos en su plantilla.<\/p>\n<p style=\"text-align: justify;\">Se precisa una elevada cualificaci\u00f3n y ganas de trabajar duro para obtener jugosas recompensas.<\/p>\n<p style=\"text-align: justify;\">Cubick Room Escape ha puesto a su disposici\u00f3n sus salas para la prueba principal del proceso de selecci\u00f3n.<\/p>\n<p style=\"text-align: justify;\">Si quieres ser parte del proceso, deber\u00e1s presentarte en nuestras instalaciones en el momento acordado. Tus datos a nivel personal y profesional no son necesarios, puesto que ya disponemos de ellos. No pienses en venir solo, necesitar\u00e1s compa\u00f1eros de ayuda m\u00e1s que nunca\u2026<\/p>\n<p>[\/et_pb_text][\/et_pb_column][\/et_pb_row][\/et_pb_section][et_pb_section fb_built=&#8221;1&#8243; _builder_version=&#8221;4.22.2&#8243; _module_preset=&#8221;default&#8221; background_image=&#8221;https:\/\/www.azescaperoom.es\/escaperoomterror\/wp-content\/uploads\/2023\/11\/reviews-bg.webp&#8221; background_position=&#8221;top_center&#8221; custom_padding=&#8221;8px|||||&#8221; global_colors_info=&#8221;{}&#8221;][et_pb_row _builder_version=&#8221;4.22.2&#8243; _module_preset=&#8221;default&#8221; locked=&#8221;off&#8221; global_colors_info=&#8221;{}&#8221;][et_pb_column type=&#8221;4_4&#8243; _builder_version=&#8221;4.22.2&#8243; _module_preset=&#8221;default&#8221; global_colors_info=&#8221;{}&#8221;][et_pb_text _builder_version=&#8221;4.22.2&#8243; _module_preset=&#8221;default&#8221; header_2_font=&#8221;Acme|700|||||||&#8221; header_2_text_align=&#8221;center&#8221; header_2_text_color=&#8221;#cccccc&#8221; header_2_font_size=&#8221;35px&#8221; header_2_line_height=&#8221;1.2em&#8221; custom_margin=&#8221;25px||||false|false&#8221; hover_enabled=&#8221;0&#8243; global_colors_info=&#8221;{}&#8221; sticky_enabled=&#8221;0&#8243;]<\/p>\n<h2><span style=\"color: #00c9d3;\">\u00bfEst\u00e1is preparados para la entrevista m\u00e1s importante de vuestra vida?<\/span><\/h2>\n<p>[\/et_pb_text][\/et_pb_column][\/et_pb_row][\/et_pb_section][et_pb_section fb_built=&#8221;1&#8243; _builder_version=&#8221;4.22.2&#8243; _module_preset=&#8221;default&#8221; background_image=&#8221;https:\/\/www.azescaperoom.es\/escaperoomterror\/wp-content\/uploads\/2023\/11\/tickets-bg.webp&#8221; custom_margin=&#8221;-54px|||||&#8221; locked=&#8221;off&#8221; global_colors_info=&#8221;{}&#8221;][et_pb_row _builder_version=&#8221;4.22.2&#8243; _module_preset=&#8221;default&#8221; global_colors_info=&#8221;{}&#8221;][et_pb_column type=&#8221;4_4&#8243; _builder_version=&#8221;4.22.2&#8243; _module_preset=&#8221;default&#8221; global_colors_info=&#8221;{}&#8221;][et_pb_video src=&#8221;https:\/\/www.azescaperoom.es\/escaperoomterror\/wp-content\/uploads\/2025\/11\/ssstik.io_1763158931664.mp4&#8243; image_src=&#8221;https:\/\/www.azescaperoom.es\/escaperoomterror\/wp-content\/uploads\/2025\/11\/entrevista-escape-room-1-e1763156481568.png&#8221; use_icon_font_size=&#8221;on&#8221; icon_font_size=&#8221;91px&#8221; _builder_version=&#8221;4.22.2&#8243; _module_preset=&#8221;default&#8221; width=&#8221;28%&#8221; max_width=&#8221;31%&#8221; module_alignment=&#8221;center&#8221; global_colors_info=&#8221;{}&#8221;][\/et_pb_video][\/et_pb_column][\/et_pb_row][et_pb_row _builder_version=&#8221;4.22.2&#8243; _module_preset=&#8221;default&#8221; global_colors_info=&#8221;{}&#8221;][et_pb_column type=&#8221;4_4&#8243; _builder_version=&#8221;4.22.2&#8243; _module_preset=&#8221;default&#8221; global_colors_info=&#8221;{}&#8221;][et_pb_text _builder_version=&#8221;4.22.2&#8243; _module_preset=&#8221;default&#8221; text_font_size=&#8221;100px&#8221; header_2_font=&#8221;Acme|700|||||||&#8221; header_2_text_align=&#8221;center&#8221; header_2_text_color=&#8221;#FFFFFF&#8221; header_2_font_size=&#8221;45px&#8221; global_colors_info=&#8221;{}&#8221;]<\/p>\n<h2><span style=\"color: #00c9d3;\">Reserva<\/span><\/h2>\n<p>[\/et_pb_text][et_pb_code _builder_version=&#8221;4.22.2&#8243; _module_preset=&#8221;default&#8221; locked=&#8221;off&#8221; global_colors_info=&#8221;{}&#8221;]<\/p>\n<div id=\"app\" data-type=\"booking\" data-calendarstyle=\"Dark\" data-textstyle=\"Dark\" data-game=\"101499\" data-calendar=\"101499\" data-lang=\"es\" data-token=\"nUdoRqmFYzHveuFH\"><\/div>\n<p>[\/et_pb_code][\/et_pb_column][\/et_pb_row][\/et_pb_section]<\/p>\n","protected":false},"excerpt":{"rendered":"<p>LA ENTREVISTA &#8211; CUBICK BILBAOOs acab\u00e1is de despertar en un lugar desconocido y sin recuerdos de qui\u00e9nes. Una empresa de renombre tiene la necesidad de cubrir unos determinados puestos de trabajo vac\u00edos en su plantilla. Se precisa una elevada cualificaci\u00f3n y ganas de trabajar duro para obtener jugosas recompensas. Cubick Room Escape ha puesto a [&hellip;]<\/p>\n","protected":false},"author":2,"featured_media":0,"parent":0,"menu_order":0,"comment_status":"closed","ping_status":"closed","template":"","meta":{"_et_pb_use_builder":"on","_et_pb_old_content":"","_et_gb_content_width":"","footnotes":""},"class_list":["post-410","page","type-page","status-publish","hentry"],"yoast_head":"<!-- This site is optimized with the Yoast SEO plugin v21.3 - https:\/\/yoast.com\/wordpress\/plugins\/seo\/ -->\n<title>La entrevista - Cubick - Escape room Bilbao<\/title>\n<meta name=\"robots\" content=\"index, follow, max-snippet:-1, max-image-preview:large, max-video-preview:-1\" \/>\n<link rel=\"canonical\" href=\"https:\/\/www.azescaperoom.es\/escaperoomterror\/laentrevista-cubickbilbao\/\" \/>\n<meta property=\"og:locale\" content=\"en_US\" \/>\n<meta property=\"og:type\" content=\"article\" \/>\n<meta property=\"og:title\" content=\"La entrevista - Cubick - Escape room Bilbao\" \/>\n<meta property=\"og:description\" content=\"LA ENTREVISTA - CUBICK BILBAOOs acab\u00e1is de despertar en un lugar desconocido y sin recuerdos de qui\u00e9nes. Una empresa de renombre tiene la necesidad de cubrir unos determinados puestos de trabajo vac\u00edos en su plantilla. Se precisa una elevada cualificaci\u00f3n y ganas de trabajar duro para obtener jugosas recompensas. Cubick Room Escape ha puesto a [&hellip;]\" \/>\n<meta property=\"og:url\" content=\"https:\/\/www.azescaperoom.es\/escaperoomterror\/laentrevista-cubickbilbao\/\" \/>\n<meta property=\"og:site_name\" content=\"Escape room Bilbao\" \/>\n<meta property=\"article:modified_time\" content=\"2025-12-27T19:41:14+00:00\" \/>\n<meta name=\"twitter:card\" content=\"summary_large_image\" \/>\n<meta name=\"twitter:label1\" content=\"Est. reading time\" \/>\n\t<meta name=\"twitter:data1\" content=\"2 minutes\" \/>\n<script type=\"application\/ld+json\" class=\"yoast-schema-graph\">{\"@context\":\"https:\/\/schema.org\",\"@graph\":[{\"@type\":\"WebPage\",\"@id\":\"https:\/\/www.azescaperoom.es\/escaperoomterror\/laentrevista-cubickbilbao\/\",\"url\":\"https:\/\/www.azescaperoom.es\/escaperoomterror\/laentrevista-cubickbilbao\/\",\"name\":\"La entrevista - Cubick - Escape room Bilbao\",\"isPartOf\":{\"@id\":\"https:\/\/www.azescaperoom.es\/escaperoomterror\/#website\"},\"datePublished\":\"2025-11-14T22:24:22+00:00\",\"dateModified\":\"2025-12-27T19:41:14+00:00\",\"breadcrumb\":{\"@id\":\"https:\/\/www.azescaperoom.es\/escaperoomterror\/laentrevista-cubickbilbao\/#breadcrumb\"},\"inLanguage\":\"en-US\",\"potentialAction\":[{\"@type\":\"ReadAction\",\"target\":[\"https:\/\/www.azescaperoom.es\/escaperoomterror\/laentrevista-cubickbilbao\/\"]}]},{\"@type\":\"BreadcrumbList\",\"@id\":\"https:\/\/www.azescaperoom.es\/escaperoomterror\/laentrevista-cubickbilbao\/#breadcrumb\",\"itemListElement\":[{\"@type\":\"ListItem\",\"position\":1,\"name\":\"Portada\",\"item\":\"https:\/\/www.azescaperoom.es\/escaperoomterror\/\"},{\"@type\":\"ListItem\",\"position\":2,\"name\":\"La entrevista &#8211; Cubick\"}]},{\"@type\":\"WebSite\",\"@id\":\"https:\/\/www.azescaperoom.es\/escaperoomterror\/#website\",\"url\":\"https:\/\/www.azescaperoom.es\/escaperoomterror\/\",\"name\":\"Escape Room Cruces del diablo\",\"description\":\"Bluescape Room\",\"publisher\":{\"@id\":\"https:\/\/www.azescaperoom.es\/escaperoomterror\/#organization\"},\"potentialAction\":[{\"@type\":\"SearchAction\",\"target\":{\"@type\":\"EntryPoint\",\"urlTemplate\":\"https:\/\/www.azescaperoom.es\/escaperoomterror\/?s={search_term_string}\"},\"query-input\":\"required name=search_term_string\"}],\"inLanguage\":\"en-US\"},{\"@type\":\"Organization\",\"@id\":\"https:\/\/www.azescaperoom.es\/escaperoomterror\/#organization\",\"name\":\"Cruces del diablo\",\"url\":\"https:\/\/www.azescaperoom.es\/escaperoomterror\/\",\"logo\":{\"@type\":\"ImageObject\",\"inLanguage\":\"en-US\",\"@id\":\"https:\/\/www.azescaperoom.es\/escaperoomterror\/#\/schema\/logo\/image\/\",\"url\":\"https:\/\/www.azescaperoom.es\/escaperoomterror\/wp-content\/uploads\/2023\/10\/Logo-cruces.jpg\",\"contentUrl\":\"https:\/\/www.azescaperoom.es\/escaperoomterror\/wp-content\/uploads\/2023\/10\/Logo-cruces.jpg\",\"width\":640,\"height\":832,\"caption\":\"Cruces del diablo\"},\"image\":{\"@id\":\"https:\/\/www.azescaperoom.es\/escaperoomterror\/#\/schema\/logo\/image\/\"}}]}<\/script>\n<!-- \/ Yoast SEO plugin. -->","yoast_head_json":{"title":"La entrevista - Cubick - Escape room Bilbao","robots":{"index":"index","follow":"follow","max-snippet":"max-snippet:-1","max-image-preview":"max-image-preview:large","max-video-preview":"max-video-preview:-1"},"canonical":"https:\/\/www.azescaperoom.es\/escaperoomterror\/laentrevista-cubickbilbao\/","og_locale":"en_US","og_type":"article","og_title":"La entrevista - Cubick - Escape room Bilbao","og_description":"LA ENTREVISTA - CUBICK BILBAOOs acab\u00e1is de despertar en un lugar desconocido y sin recuerdos de qui\u00e9nes. Una empresa de renombre tiene la necesidad de cubrir unos determinados puestos de trabajo vac\u00edos en su plantilla. Se precisa una elevada cualificaci\u00f3n y ganas de trabajar duro para obtener jugosas recompensas. Cubick Room Escape ha puesto a [&hellip;]","og_url":"https:\/\/www.azescaperoom.es\/escaperoomterror\/laentrevista-cubickbilbao\/","og_site_name":"Escape room Bilbao","article_modified_time":"2025-12-27T19:41:14+00:00","twitter_card":"summary_large_image","twitter_misc":{"Est. reading time":"2 minutes"},"schema":{"@context":"https:\/\/schema.org","@graph":[{"@type":"WebPage","@id":"https:\/\/www.azescaperoom.es\/escaperoomterror\/laentrevista-cubickbilbao\/","url":"https:\/\/www.azescaperoom.es\/escaperoomterror\/laentrevista-cubickbilbao\/","name":"La entrevista - Cubick - Escape room Bilbao","isPartOf":{"@id":"https:\/\/www.azescaperoom.es\/escaperoomterror\/#website"},"datePublished":"2025-11-14T22:24:22+00:00","dateModified":"2025-12-27T19:41:14+00:00","breadcrumb":{"@id":"https:\/\/www.azescaperoom.es\/escaperoomterror\/laentrevista-cubickbilbao\/#breadcrumb"},"inLanguage":"en-US","potentialAction":[{"@type":"ReadAction","target":["https:\/\/www.azescaperoom.es\/escaperoomterror\/laentrevista-cubickbilbao\/"]}]},{"@type":"BreadcrumbList","@id":"https:\/\/www.azescaperoom.es\/escaperoomterror\/laentrevista-cubickbilbao\/#breadcrumb","itemListElement":[{"@type":"ListItem","position":1,"name":"Portada","item":"https:\/\/www.azescaperoom.es\/escaperoomterror\/"},{"@type":"ListItem","position":2,"name":"La entrevista &#8211; Cubick"}]},{"@type":"WebSite","@id":"https:\/\/www.azescaperoom.es\/escaperoomterror\/#website","url":"https:\/\/www.azescaperoom.es\/escaperoomterror\/","name":"Escape Room Cruces del diablo","description":"Bluescape Room","publisher":{"@id":"https:\/\/www.azescaperoom.es\/escaperoomterror\/#organization"},"potentialAction":[{"@type":"SearchAction","target":{"@type":"EntryPoint","urlTemplate":"https:\/\/www.azescaperoom.es\/escaperoomterror\/?s={search_term_string}"},"query-input":"required name=search_term_string"}],"inLanguage":"en-US"},{"@type":"Organization","@id":"https:\/\/www.azescaperoom.es\/escaperoomterror\/#organization","name":"Cruces del diablo","url":"https:\/\/www.azescaperoom.es\/escaperoomterror\/","logo":{"@type":"ImageObject","inLanguage":"en-US","@id":"https:\/\/www.azescaperoom.es\/escaperoomterror\/#\/schema\/logo\/image\/","url":"https:\/\/www.azescaperoom.es\/escaperoomterror\/wp-content\/uploads\/2023\/10\/Logo-cruces.jpg","contentUrl":"https:\/\/www.azescaperoom.es\/escaperoomterror\/wp-content\/uploads\/2023\/10\/Logo-cruces.jpg","width":640,"height":832,"caption":"Cruces del diablo"},"image":{"@id":"https:\/\/www.azescaperoom.es\/escaperoomterror\/#\/schema\/logo\/image\/"}}]}},"_links":{"self":[{"href":"https:\/\/www.azescaperoom.es\/escaperoomterror\/wp-json\/wp\/v2\/pages\/410","targetHints":{"allow":["GET"]}}],"collection":[{"href":"https:\/\/www.azescaperoom.es\/escaperoomterror\/wp-json\/wp\/v2\/pages"}],"about":[{"href":"https:\/\/www.azescaperoom.es\/escaperoomterror\/wp-json\/wp\/v2\/types\/page"}],"author":[{"embeddable":true,"href":"https:\/\/www.azescaperoom.es\/escaperoomterror\/wp-json\/wp\/v2\/users\/2"}],"replies":[{"embeddable":true,"href":"https:\/\/www.azescaperoom.es\/escaperoomterror\/wp-json\/wp\/v2\/comments?post=410"}],"version-history":[{"count":8,"href":"https:\/\/www.azescaperoom.es\/escaperoomterror\/wp-json\/wp\/v2\/pages\/410\/revisions"}],"predecessor-version":[{"id":500,"href":"https:\/\/www.azescaperoom.es\/escaperoomterror\/wp-json\/wp\/v2\/pages\/410\/revisions\/500"}],"wp:attachment":[{"href":"https:\/\/www.azescaperoom.es\/escaperoomterror\/wp-json\/wp\/v2\/media?parent=410"}],"curies":[{"name":"wp","href":"https:\/\/api.w.org\/{rel}","templated":true}]}}